 remainder when 1875 is divided by 930?
15
What is the remainder when 234 is divided by 56?
10
Calculate the remainder when 2812 is divided by 256.
252
Calculate the remainder when 628 is divided by 84.
40
Calculate the remainder when 87 is divided by 1.
0
Calculate the remainder when 1917 is divided by 56.
13
What is the remainder when 255 is divided by 64?
63
Calculate the remainder when 688 is divided by 137.
3
What is the remainder when 75 is divided by 38?
37
Calculate the remainder when 845 is divided by 10.
5
Calculate the remainder when 902 is divided by 21.
20
What is the remainder when 668 is divided by 19?
3
What is the remainder when 48 is divided by 19?
10
Calculate the remainder when 448 is divided by 447.
1
Calculate the remainder when 869 is divided by 866.
3
What is the remainder when 124 is divided by 32?
28
What is the remainder when 840 is divided by 11?
4
What is the remainder when 182 is divided by 8?
6
What is the remainder when 27 is divided by 10?
7
What is the remainder when 854 is divided by 144?
134
What is the remainder when 51 is divided by 2?
1
Calculate the remainder when 656 is divided by 172.
140
What is the remainder when 2655 is divided by 882?
9
Calculate the remainder when 1688 is divided by 26.
24
What is the remainder when 387 is divided by 14?
9
What is the remainder when 524 is divided by 44?
40
Calculate the remainder when 375 is divided by 7.
4
What is the remainder when 145 is divided by 35?
5
What is the remainder when 1095 is divided by 224?
199
What is the remainder when 62 is divided by 21?
20
Calculate the remainder when 206 is divided by 16.
14
Calculate the remainder when 34 is divided by 30.
4
What is the remainder when 1212 is divided by 176?
156
Calculate the remainder when 362 is divided by 26.
24
Calculate the remainder when 89 is divided by 46.
43
What is the remainder when 165 is divided by 21?
18
Calculate the remainder when 1341 is divided by 337.
330
Calculate the remainder when 291 is divided by 97.
0
Calculate the remainder when 3247 is divided by 65.
62
What is the remainder when 178 is divided by 83?
12
Calculate the remainder when 349 is divided by 59.
54
Calculate the remainder when 171 is divided by 93.
78
Calculate the remainder when 808 is divided by 96.
40
What is the remainder when 1768 is divided by 105?
88
What is the remainder when 325 is divided by 24?
13
Calculate the remainder when 78 is divided by 78.
0
Calculate the remainder when 2369 is divided by 33.
26
Calculate the remainder when 732 is divided by 31.
19
Calculate the remainder when 3636 is divided by 330.
6
Calculate the remainder when 2428 is divided by 143.
140
What is the remainder when 14 is divided by 3?
2
What is the remainder when 58 is divided by 53?
5
Calculate the remainder when 104 is divided by 24.
8
Calculate the remainder when 84 is divided by 22.
18
Calculate the remainder when 306 is divided by 47.
24
Calculate the remainder when 3079 is divided by 103.
92
What is the remainder when 540 is divided by 138?
126
Calculate the remainder when 75 is divided by 6.
3
What is the remainder when 78 is divided by 6?
0
Calculate the remainder when 79 is divided by 10.
9
What is the remainder when 433 is divided by 153?
127
Calculate the remainder when 10 is divided by 7.
3
Calculate the remainder when 138 is divided by 47.
44
What is the remainder when 93 is divided by 19?
17
What is the remainder when 1711 is divided by 193?
167
Calculate the remainder when 117 is divided by 40.
37
What is the remainder when 17 is divided by 2?
1
Calculate the remainder when 520 is divided by 87.
85
What is the remainder when 44 is divided by 1?
0
What is the remainder when 1922 is divided by 120?
2
Calculate the remainder when 2072 is divided by 25.
22
What is the remainder when 172 is divided by 6?
4
What is the remainder when 140 is divided by 69?
2
What is the remainder when 197 is divided by 65?
2
What is the remainder when 547 is divided by 82?
55
What is the remainder when 1136 is divided by 15?
11
What is the remainder when 2335 is divided by 777?
4
Calculate the remainder when 2119 is divided by 97.
82
What is the remainder when 419 is divided by 77?
34
Calculate the remainder when 38 is divided by 5.
3
What is the remainder when 246 is divided by 9?
3
What is the remainder when 3908 is divided by 156?
8
Calculate the remainder when 208 is divided by 7.
5
Calculate the remainder when 6235 is divided by 79.
73
Calculate the remainder when 1745 is divided by 48.
17
Calculate the remainder when 11590 is divided by 276.
274
What is the remainder when 3308 is divided by 10?
8
What is the remainder when 7023 is divided by 6?
3
What is the remainder when 17172 is divided by 75?
72
Calculate the remainder when 19 is divided by 10.
9
What is the remainder when 685 is divided by 115?
110
What is the remainder when 984 is divided by 34?
32
Calculate the remainder when 3322 is divided by 64.
58
Calculate the remainder when 75 is divided by 39.
36
What is the remainder when 1206 is divided by 10?
6
Calculate the remainder when 86 is divided by 10.
6
What is the remainder when 62 is divided by 27?
8
Calculate the remainder when 1196 is divided by 19.
18
What is the remainder when 2259 is divided by 8?
3
What is the remainder when 134 is divided by 43?
5
Calculate the remainder when 16755 is divided by 294.
291
Calculate the remainder when 239 is divided by 20.
19
Calculate the remainder when 1035 is divided by 4.
3
Calculate the remainder when 1133 is divided by 7.
6
Calculate the remainder when 283 is divided by 26.
23
What is the remainder when 558 is divided by 69?
6
Calculate the remainder when 4160 is divided by 148.
16
What is the remainder when 236 is divided by 20?
16
What is the remainder when 262 is divided by 192?
70
What is the remainder when 9 is divided by 4?
1
What is the remainder when 29 is divided by 6?
5
Calculate the remainder when 290 is divided by 140.
10
What is the remainder when 689 is divided by 77?
73
Calculate the remainder when 861 is divided by 24.
21
What is the remainder when 419 is divided by 35?
34
What is the remainder when 512 is divided by 206?
100
What is the remainder when 423 is divided by 39?
33
What is the remainder when 43 is divided by 3?
1
What is the remainder when 375 is divided by 102?
69
What is the remainder when 933 is divided by 52?
49
What is the remainder when 17949 is divided by 25?
24
What is the remainder when 320 is divided by 2?
0
Calculate the remainder when 520 is divided by 44.
36
What is the remainder when 199 is divided by 19?
9
Calculate the remainder when 273 is divided by 80.
33
Calculate the remainder when 12 is divided by 4.
0
Calculate the remainder when 58 is divided by 16.
10
What is the remainder when 1307 is divided by 77?
75
What is the remainder when 47 is divided by 8?
7
What is the remainder when 51 is divided by 8?
3
Calculate the remainder when 175 is divided by 48.
31
Calculate the remainder when 924 is divided by 923.
1
Calculate the remainder when 773 is divided by 42.
17
What is the remainder when 492 is divided by 29?
28
What is the remainder when 105 is divided by 22?
17
What is the remainder when 4465 is divided by 4461?
4
Calculate the remainder when 178 is divided by 85.
8
What is the remainder when 610 is divided by 36?
34
Calculate the remainder when 632 is divided by 53.
49
What is the remainder when 923 is divided by 177?
38
Calculate the remainder when 187 is divided by 27.
25
Calculate the remainder when 9015 is divided by 71.
69
What is the remainder when 258 is divided by 31?
10
Calculate the remainder when 156 is divided by 30.
6
What is the remainder when 12376 is divided by 20?
16
What is the remainder when 21482 is divided by 164?
162
What is the remainder when 316 is divided by 73?
24
What is the remainder when 8674 is divided by 56?
50
What is the remainder when 366 is divided by 46?
44
Calculate the remainder when 1282 is divided by 49.
8
What is the remainder when 20 is divided by 10?
0
What is the remainder when 439 is divided by 44?
43
Calculate the remainder when 61 is divided by 10.
1
Calculate the remainder when 54 is divided by 30.
24
Calculate the remainder when 58 is divided by 32.
26
What is the remainder wh